3, 11
Let f(c) be the second derivative of 3*c**4/4 - 7*c**3/6 - 57*c**2 - 133*c - 1. What are the prime factors of f(-10)?
2, 107
Let l = -3046 - -3019. Let a = 0 - 2. Let y = a - l. What are the prime factors of y?
5
List the prime factors of 42083740/15500 - (-3)/(-5)*6/45.
3, 5, 181
Suppose -14*c + 24056 = -9*c + 57*c. Let p(w) = 139*w**2 + 2*w. Let a be p(-2). Let i = a - c. What are the prime factors of i?
2, 41
Let o(x) = -4*x**2 + 2*x + 2. Let p be o(-1). List the prime factors of (-1011)/6*(-7)/((-7)/p).
2, 337
Let i be 58/(0/2 - -1). Let a be (-5)/(-30)*474/4*8. Let z = a - i. List the prime factors of z.
2, 5
Let j(o) = 26*o + 2. Let a be j(1). Let z = 36 - a. Let q(d) = 5*d - 28. List the prime factors of q(z).
2, 3
Let b(i) = i**3 + 35*i**2 - 39*i - 9. Let a(w) = 5*w + 79. Let g be a(-23). What are the prime factors of b(g)?
3, 11
Suppose -31*h - 13247 = -3*f - 32*h, 0 = 5*f - 4*h - 22101. What are the prime factors of f?
7, 631
Suppose -17*r + 30*r - 40985 = 6*r. What are the prime factors of r?
5, 1171
Let c(o) = -o**3 - 10*o**2 - 9*o + 3. Let z be c(-9). Let f(d) = -177*d**z + 412*d**3 - 185*d**3 - 5*d**2 + 1 + d. What are the prime factors of f(1)?
47
Suppose m = f + 8, 5*f + 36 = f + 5*m. Let u(i) = -4*i**3 - 6*i - 14. List the prime factors of u(f).
2, 7, 19
Let d = 5482 + 8747. What are the prime factors of d?
3, 17, 31
Suppose w + 10*u = 6*u + 11462, 0 = 5*w + 4*u - 57230. What are the prime factors of w?
2, 3, 1907
Suppose -1401 = -36*j + 35*j. Suppose -11*l - j = -16999. What are the prime factors of l?
2, 709
Suppose 2*f - 3 = -25. Let g = f + 518. List the prime factors of g.
3, 13
Let n = -175 + 194. Suppose -422 = -5*i - z, -3*i = n*z - 18*z - 254. What are the prime factors of i?
2, 3, 7
Let d be 68/102 - 4/6. Suppose d*t + 1123 = 3*a - 2*t, -2*t = -2. List the prime factors of a.
3, 5
Let w be 2/5 + 494/(-10). Let v = w + 55. Suppose 421 + 119 = v*k. List the prime factors of k.
2, 3, 5
Suppose -t - 2*t + 47 = 2*l, 0 = -2*t + l + 22. Suppose -11*s + t*s = -14. Let d = 32 - s. List the prime factors of d.
3, 13
Suppose i + 3*i = y - 47, 1 = -y. Let u be i/9*(-21)/4*2. Suppose -11*j - 441 = -u*j. List the prime factors of j.
3, 7
Suppose -89*y + 2244736 = 63*y. What are the prime factors of y?
2, 13, 71
Suppose 0 = 2*a, 0 = -w + a + 3*a + 3. Suppose -w*s + 16 = -14. Suppose 7*u - s*u = -306. What are the prime factors of u?
2, 3, 17
Let h = -16348 + 31449. What are the prime factors of h?
15101
List the prime factors of (2/(-4) - 1)/(60/(-496760)).
11, 1129
Let c = 173 + -383. What are the prime factors of 1223/2 + c/84?
3, 7, 29
Suppose -6587 = -c + 3*u, c + 57*u = 56*u + 6591. What are the prime factors of c?
2, 5, 659
Suppose -455 = 45*y - 50*y. Let w(d) = y + 35*d + 33*d - 64*d. List the prime factors of w(0).
7, 13
Let v = 21 + 107. Let y = 47 - v. What are the prime factors of (y + 3 + -4)/(-1)?
2, 41
Let n(b) = 14*b + 299. Let g be n(-21). What are the prime factors of g + 1204 + (-65)/(-13)?
2, 607
Let y(i) = -27 - i - 2*i - 7*i + 8. Suppose -85*v + 20 = -87*v. What are the prime factors of y(v)?
3
Let b = 40 - 48. Let y = b - -12. Suppose -5*g + y*t + 424 = 2*t, 3*g - 267 = -3*t. List the prime factors of g.
2, 43
Let s(t) = 113*t**3 - 16*t**2 + 40*t + 6. What are the prime factors of s(4)?
2, 3571
List the prime factors of (-1 - 2)/(556269/55629 + -10).
3, 883
Suppose 2*v - 6620 = 7*n - 11*n, 4*n - 6616 = -3*v. What are the prime factors of n?
1657
Let j(u) = 1343*u - 387. What are the prime factors of j(7)?
2, 4507
Let q be 2/(-1) + (-14217)/(-35)*5. Let f = q + -309. List the prime factors of f.
2, 5, 43
List the prime factors of 204886/14 - (-6)/21.
5, 2927
Suppose 4*m + 5*j = 82337, 85345 = 4*m + 2*j + 2999. List the prime factors of m.
2, 5147
Let r be (1491/14)/((-5)/(-10)). Let c = 697 - r. What are the prime factors of c?
2, 11
Suppose 3752 = -6*d - 1180. Let q = d + 1207. Suppose -3*t + q = 8*t. What are the prime factors of t?
5, 7
Let v(r) = 16*r - 85. Let w be v(6). Suppose 8*k = w*k - 651. What are the prime factors of k?
7, 31
Suppose -72 - 84 = -4*k. Let t = 1 - k. What are the prime factors of (-3652)/t + 6/(-57)?
2, 3
Suppose 0 = 5*m - 5, 73 = 2*q - 5*m - 2. Suppose 25*h = 29*h + q. List the prime factors of 937/4 + h/40.
2, 3, 13
Let v = 2257 - 1596. Let u = v - 358. List the prime factors of u.
3, 101
Suppose -2*c - 2*t + 6 = -t, -c - t = -3. Suppose -9 - c = -d. What are the prime factors of d/3 + 12 - 4?
2, 3
Suppose 0*q - 2*q + 168 = -4*o, 3*q + 3*o - 279 = 0. Let c be (84/(-15) - -2)*(0 - q). Let u = c - 167. What are the prime factors of u?
157
Let w = -54829 - -100543. List the prime factors of w.
2, 3, 19, 401
Let n = -214 + 294. Suppose 5*k = -c + 127, -4*k = -c + 47 + n. List the prime factors of c.
127
Let v = 19877 + -13890. What are the prime factors of 3/18 + (2 - v/(-6))?
2, 5
List the prime factors of 48*((-1885)/156)/((-10)/208).
2, 13, 29
Let a = -86 - -100. Suppose -a*d - w = -16*d + 1285, 4*w = -4*d + 2564. List the prime factors of d.
2, 3, 107
Let c(o) = -100*o**2 + 300*o + 5. Let n be c(3). Let i be (-9)/(-4) - (-2)/(-8). Let d = n + i. What are the prime factors of d?
7
Let w = -37 - -43. Suppose -3*y = 5*v - w*y - 1357, 5*v - 2*y = 1358. List the prime factors of v.
2, 17
Let u(j) = 4 - 126*j**2 - 22*j**3 + 25*j + 52*j**2 + 42*j**2 + 43*j**2 + 5. List the prime factors of u(-4).
1493
Suppose 33 = 4*g + 9, 4*q - 4400 = 2*g. List the prime factors of q.
1103
Suppose -8*i + 16*i - 15952 = 0. Suppose -15*u - i = -17*u. What are the prime factors of u?
997
Let b(s) = 13*s - 11. Let l be b(1). Suppose 12255 = 17*g + l*g. List the prime factors of g.
3, 5, 43
Let b(a) = -4*a**2 + 1083*a - 1082*a + 3*a**2 + 2*a**2 + 118. Suppose 3*g = -5*x, 0 = -2*g - 0*x + x. What are the prime factors of b(g)?
2, 59
Let b(j) = -2*j**2 + 119*j + 185. List the prime factors of b(34).
19, 101
Let o = 1709 + 3934. List the prime factors of o.
3, 11, 19
Suppose 0 = 3*k + 21, -1020*k + 1021*k - 130968 = -5*i. List the prime factors of i.
5, 13, 31
Let l be (-4)/(-5) + 324/45. Suppose -22 = -6*r + l. List the prime factors of (-28)/r*(-50)/4.
2, 5, 7
What are the prime factors of (-53)/((-12571)/897 - -14)?
3, 23, 53
Let v(q) be the second derivative of 3*q**5/2 - q**4/6 + q**3/3 - q**2/2 + 2*q. Let n = 240 + -239. List the prime factors of v(n).
29
Let d(z) = -2*z**2 + 16*z + 8. Let k be d(9). Let c = 248 + k. List the prime factors of (-150)/(-39) - 4 - c/(-26).
3
Let w(q) = -q**2 - 20*q + 25. Let y be w(-21). Suppose -3*p + 413 = 5*r, 4*r - 356 = y*p - 0*p. What are the prime factors of r?
5, 17
Let a(n) = -103*n**3 + 5*n**2 + 75*n + 386. What are the prime factors of a(-6)?
2, 5591
Let p be (-47194)/(-30) - 7*2/105. Suppose -3*g + 4123 = p. List the prime factors of g.
2, 5, 17
Suppose -3*j + 4*a = -9, 4*j + 2*a - 12 = -a. Suppose -234 = -c - 4*r, -j*c - r + 959 - 202 = 0. What are the prime factors of c?
2, 127
Suppose 5*y = -o + 39810, -230*o + 228*o + 79627 = 3*y. What are the prime factors of o?
5, 7963
Suppose 44*i - 41*i = 24432. List the prime factors of i.
2, 509
Suppose 5*f - 5*w - 118577 - 20358 = 0, -2*w = -f + 27787. List the prime factors of f.
37, 751
Let x(l) = -l**2 - l - 13. Suppose 0 = 9*t - 11*t + 16. Let j be x(t). Let f = -6 - j. List the prime factors of f.
79
Let c = 25435 + -16107. List the prime factors of c.
2, 11, 53
Let z(i) = -743*i - 1. Let p be z(-4). Suppose -2*d + 3*d = -4*c + 2953, -4*c + 5*d = -p. List the prime factors of c.
739
What are the prime factors of 90/35*84028/12?
2, 3, 3001
Let w be (-27)/63 + (-66)/(-7) - 0. Suppose -w*m = 8*m - 15419. What are the prime factors of m?
907
Suppose -119*p = -1334 + 1334. Let d be -4*(6/(-8) - 0). Suppose d*t - 43 + 4 = p. What are the prime factors of t?
13
Let k(o) = o**2 - 8*o + 7. Let g be k(1). Suppose -c + 11 - 6 = g. Suppose 2*v + 285 = 5*r, c*r - 2*r = v + 170. What are the prime factors of r?
5, 11
Suppose -10*i + 13904 = 2*f, 4*f - 4*i - 21013 = 6819. What are the prime factors of f?
3, 773
Suppose -3*i - 1 = -1. Suppose i = 11*v - 6*v + 60. List the prime factors of (279/(-12))/(v/128).
2, 31
Let p = 14628 - -24929. What are the prime factors of p?
7, 5651
Suppose -2*w + 3*r = -6, 0 = -4*w + w + 5